{"id":52,"date":"2016-03-04T16:01:58","date_gmt":"2016-03-04T16:01:58","guid":{"rendered":"http:\/\/www.lamina.com.es\/?page_id=52"},"modified":"2017-04-21T17:44:21","modified_gmt":"2017-04-21T17:44:21","slug":"contacto","status":"publish","type":"page","link":"https:\/\/www.lamina.com.es\/index.php\/contacto\/","title":{"rendered":"CONTACTO"},"content":{"rendered":"<h2><span style=\"color: #ff0000;\">LOCALIZACI\u00d3N<\/span><\/h2>\n<p>Puedes contactar con nosotros en el <span style=\"color: #ff0000;\">tel\u00e9fono <strong>91-4462639<\/strong><\/span> o en <strong><span style=\"text-decoration: underline; color: #ff0000;\"><a style=\"color: #ff0000; text-decoration: underline;\" href=\"mailto:tallerdeartelamina@gmail.com\">tallerdeartelamina@gmail.com<\/a><\/span>.<\/strong> Cu\u00e9ntanos lo que buscas y nosotros te diremos qu\u00e9 podemos hacer por ti. Nos adaptaremos a tus necesidades para que puedas conseguir lo que quieres . No lo olvides, si tienes dudas con la manera de darle forma a tu idea,&nbsp; o simplemente aprender a&nbsp; dibujar o pintar, contacta con nosotros. Empieza ya a disfrutar de tu tiempo. Te esperamos.<\/p>\n<p>Estamos en la Calle Garcia de Paredes n\u00ba 26&nbsp;. Madrid 28010.<\/p>\n<p>&nbsp;<\/p>\n<p><iframe loading=\"lazy\" style=\"border: 0;\" src=\"https:\/\/www.google.com\/maps\/embed?pb=!1m18!1m12!1m3!1d3036.7411510331676!2d-3.7025852846034693!3d40.43673027936281!2m3!1f0!2f0!3f0!3m2!1i1024!2i768!4f13.1!3m3!1m2!1s0xd4228f5b337a401%3A0x444d745e3fffd8d4!2sCalle+de+Garc%C3%ADa+de+Paredes%2C+26%2C+28010+Madrid!5e0!3m2!1ses!2ses!4v1460387102673\" allowfullscreen=\"allowfullscreen\" width=\"600\" frameborder=\"0\" height=\"450\"><\/iframe><\/p>\n","protected":false},"excerpt":{"rendered":"<p>LOCALIZACI\u00d3N Puedes contactar con nosotros en el tel\u00e9fono 91-4462639 o en tallerdeartelamina@gmail.com. Cu\u00e9ntanos lo que buscas y nosotros te diremos qu\u00e9 podemos hacer por ti. Nos adaptaremos a tus necesidades para que puedas conseguir lo que quieres . No lo olvides, si tienes dudas con la manera de darle forma a tu idea,&nbsp; o simplemente &hellip; <a href=\"https:\/\/www.lamina.com.es\/index.php\/contacto\/\" class=\"more-link\">Contin\u00faa leyendo <span class=\"screen-reader-text\">CONTACTO<\/span><\/a><\/p>\n","protected":false},"author":1,"featured_media":0,"parent":0,"menu_order":0,"comment_status":"closed","ping_status":"closed","template":"","meta":{"ngg_post_thumbnail":0,"footnotes":""},"class_list":["post-52","page","type-page","status-publish","hentry"],"_links":{"self":[{"href":"https:\/\/www.lamina.com.es\/index.php\/wp-json\/wp\/v2\/pages\/52","targetHints":{"allow":["GET"]}}],"collection":[{"href":"https:\/\/www.lamina.com.es\/index.php\/wp-json\/wp\/v2\/pages"}],"about":[{"href":"https:\/\/www.lamina.com.es\/index.php\/wp-json\/wp\/v2\/types\/page"}],"author":[{"embeddable":true,"href":"https:\/\/www.lamina.com.es\/index.php\/wp-json\/wp\/v2\/users\/1"}],"replies":[{"embeddable":true,"href":"https:\/\/www.lamina.com.es\/index.php\/wp-json\/wp\/v2\/comments?post=52"}],"version-history":[{"count":10,"href":"https:\/\/www.lamina.com.es\/index.php\/wp-json\/wp\/v2\/pages\/52\/revisions"}],"predecessor-version":[{"id":729,"href":"https:\/\/www.lamina.com.es\/index.php\/wp-json\/wp\/v2\/pages\/52\/revisions\/729"}],"wp:attachment":[{"href":"https:\/\/www.lamina.com.es\/index.php\/wp-json\/wp\/v2\/media?parent=52"}],"curies":[{"name":"wp","href":"https:\/\/api.w.org\/{rel}","templated":true}]}}