{"id":634,"date":"2016-11-22T23:10:00","date_gmt":"2016-11-22T23:10:00","guid":{"rendered":"http:\/\/www.lamina.com.es\/?page_id=634"},"modified":"2017-09-22T12:29:59","modified_gmt":"2017-09-22T12:29:59","slug":"jon-ander-del-arco","status":"publish","type":"page","link":"https:\/\/www.lamina.com.es\/index.php\/profesores\/jon-ander-del-arco\/","title":{"rendered":"JON ANDER DEL ARCO"},"content":{"rendered":"ngg_shortcode_0_placeholder\n<p style=\"text-align: left;\">Jon Ander del Arco es licenciado en Bellas Artes por la Universidad Complutense de Madrid. A su extensa experiencia art\u00edstica une su actividad de reconocido prestigio como docente en talleres de artes pl\u00e1sticas. Es fundador del Taller de Arte La Mina. Especialista en el uso del cuerpo humano y retrato como forma de expresi\u00f3n, ha expuesto en multitud de ocasiones individualmente y dentro de muestras colectivas &nbsp;en galer\u00edas y ferias nacionales e internacionales siendo de &nbsp;destacar ARCO y la Feria Iberoamericana de Arte Contempor\u00e1neo. &nbsp;Actualmente se pueden ver sus obras en grandes colecciones institucionales como la del Banco de Espa\u00f1a.<\/p>\n","protected":false},"excerpt":{"rendered":"<p>Jon Ander del Arco es licenciado en Bellas Artes por la Universidad Complutense de Madrid. A su extensa experiencia art\u00edstica une su actividad de reconocido prestigio como docente en talleres de artes pl\u00e1sticas. Es fundador del Taller de Arte La Mina. Especialista en el uso del cuerpo humano y retrato como forma de expresi\u00f3n, ha &hellip; <a href=\"https:\/\/www.lamina.com.es\/index.php\/profesores\/jon-ander-del-arco\/\" class=\"more-link\">Contin\u00faa leyendo <span class=\"screen-reader-text\">JON ANDER DEL ARCO<\/span><\/a><\/p>\n","protected":false},"author":1,"featured_media":362,"parent":14,"menu_order":0,"comment_status":"closed","ping_status":"closed","template":"page-templates\/grid-page.php","meta":{"ngg_post_thumbnail":0,"footnotes":""},"class_list":["post-634","page","type-page","status-publish","has-post-thumbnail","hentry"],"_links":{"self":[{"href":"https:\/\/www.lamina.com.es\/index.php\/wp-json\/wp\/v2\/pages\/634","targetHints":{"allow":["GET"]}}],"collection":[{"href":"https:\/\/www.lamina.com.es\/index.php\/wp-json\/wp\/v2\/pages"}],"about":[{"href":"https:\/\/www.lamina.com.es\/index.php\/wp-json\/wp\/v2\/types\/page"}],"author":[{"embeddable":true,"href":"https:\/\/www.lamina.com.es\/index.php\/wp-json\/wp\/v2\/users\/1"}],"replies":[{"embeddable":true,"href":"https:\/\/www.lamina.com.es\/index.php\/wp-json\/wp\/v2\/comments?post=634"}],"version-history":[{"count":8,"href":"https:\/\/www.lamina.com.es\/index.php\/wp-json\/wp\/v2\/pages\/634\/revisions"}],"predecessor-version":[{"id":687,"href":"https:\/\/www.lamina.com.es\/index.php\/wp-json\/wp\/v2\/pages\/634\/revisions\/687"}],"up":[{"embeddable":true,"href":"https:\/\/www.lamina.com.es\/index.php\/wp-json\/wp\/v2\/pages\/14"}],"wp:featuredmedia":[{"embeddable":true,"href":"https:\/\/www.lamina.com.es\/index.php\/wp-json\/wp\/v2\/media\/362"}],"wp:attachment":[{"href":"https:\/\/www.lamina.com.es\/index.php\/wp-json\/wp\/v2\/media?parent=634"}],"curies":[{"name":"wp","href":"https:\/\/api.w.org\/{rel}","templated":true}]}}

ngg_shortcode_0_placeholder
<p style="text-align: left;">Jon Ander del Arco es licenciado en Bellas Artes por la Universidad Complutense de Madrid. A su extensa experiencia artística une su actividad de reconocido prestigio como docente en talleres de artes plásticas. Es fundador del Taller de Arte La Mina. Especialista en el uso del cuerpo humano y retrato como forma de expresión, ha expuesto en multitud de ocasiones individualmente y dentro de muestras colectivas &nbsp;en galerías y ferias nacionales e internacionales siendo de &nbsp;destacar ARCO y la Feria Iberoamericana de Arte Contemporáneo. &nbsp;Actualmente se pueden ver sus obras en grandes colecciones institucionales como la del Banco de España.</p>

<p>Jon Ander del Arco es licenciado en Bellas Artes por la Universidad Complutense de Madrid. A su extensa experiencia artística une su actividad de reconocido prestigio como docente en talleres de artes plásticas. Es fundador del Taller de Arte La Mina. Especialista en el uso del cuerpo humano y retrato como forma de expresión, ha &hellip; <a href="https://www.lamina.com.es/index.php/profesores/jon-ander-del-arco/" class="more-link">Continúa leyendo <span class="screen-reader-text">JON ANDER DEL ARCO</span></a></p>
